{"id":3617,"date":"2012-03-22T09:21:08","date_gmt":"2012-03-22T13:21:08","guid":{"rendered":"http:\/\/libraries.mit.edu\/150books\/?page_id=3617"},"modified":"2012-03-22T09:21:08","modified_gmt":"2012-03-22T13:21:08","slug":"chronological-list-of-titles","status":"publish","type":"page","link":"https:\/\/libraries.mit.edu\/150books\/chronological-list-of-titles\/","title":{"rendered":"Chronological list of titles"},"content":{"rendered":"<p>1861: <a href=\"\/\/libraries.mit.edu\/150books\/2011\/01\/07\/1861\/\">Lives of the Engineers<\/a><br \/>\n1862: <a href=\"\/\/libraries.mit.edu\/150books\/2011\/01\/08\/1862\/\">Border Lines of Knowledge in Some Provinces of Medical Science<\/a><br \/>\n1863: <a href=\"\/\/libraries.mit.edu\/150books\/2011\/01\/09\/1863\/\">The Engineer&#8217;s Pocket Remembrancer<\/a><br \/>\n1864: <a href=\"\/\/libraries.mit.edu\/150books\/2011\/01\/10\/1864\/\">Testimonies Concerning Slavery<\/a><br \/>\n1865: <a href=\"\/\/libraries.mit.edu\/150books\/2011\/01\/11\/1865\/\">The Grammar of Ornament<\/a><br \/>\n1866: <a href=\"\/\/libraries.mit.edu\/150books\/2011\/01\/12\/1866\/\">A Theoretical and Practical Treatise on Midwifery<\/a><br \/>\n1867: <a href=\"\/\/libraries.mit.edu\/150books\/2011\/01\/13\/1867\/\">Paul Clifford<\/a><br \/>\n1868: <a href=\"\/\/libraries.mit.edu\/150books\/2011\/01\/14\/1868\/\">Scientific Amusements for Young People<\/a><br \/>\n1869: <a href=\"\/\/libraries.mit.edu\/150books\/2011\/01\/15\/1869\/\">The Microscope<\/a><br \/>\n1870: <a href=\"\/\/libraries.mit.edu\/150books\/2011\/01\/16\/1870\/\">Le Ciel<\/a><br \/>\n1871: <a href=\"\/\/libraries.mit.edu\/150books\/2011\/01\/17\/1871\/\">Report on the Sale of Bad Meat in Boston<\/a><br \/>\n1872: <a href=\"\/\/libraries.mit.edu\/150books\/2011\/01\/18\/1872\/\">The Subterranean World<\/a><br \/>\n1873: <a href=\"\/\/libraries.mit.edu\/150books\/2011\/01\/19\/1873\/\">A Treatise on Electricity and Magnetism<\/a><br \/>\n1874: <a href=\"\/\/libraries.mit.edu\/150books\/2011\/01\/20\/1874\/\">Statistical Atlas of the United States Based on the Results of the Ninth Census<\/a><br \/>\n1875: <a href=\"\/\/libraries.mit.edu\/150books\/2011\/01\/21\/1875\/\">The Pennsylvania Railroad<\/a><br \/>\n1876: <a href=\"\/\/libraries.mit.edu\/150books\/2011\/01\/22\/1876\/\">&#8220;Researches in Telephony&#8221;<\/a><br \/>\n1877: <a href=\"\/\/libraries.mit.edu\/150books\/2011\/01\/23\/1877\/\">History of the Hoosac Tunnel<\/a><br \/>\n1878: <a href=\"\/\/libraries.mit.edu\/150books\/2011\/01\/24\/1878\/\">A Practical Treatise on the Steam Engine<\/a><br \/>\n1879: <a href=\"\/\/libraries.mit.edu\/150books\/2011\/01\/25\/1879\/\">Examen Critique d&#8217;un \u00c9crit Posthume de Claude Bernard sur la Fermentation<\/a><br \/>\n1880: <a href=\"\/\/libraries.mit.edu\/150books\/2011\/01\/26\/1880\/\">Principles of Political Economy<\/a><br \/>\n1881: <a href=\"\/\/libraries.mit.edu\/150books\/2011\/01\/27\/1881\/\">History of Woman Suffrage<\/a><br \/>\n1882: <a href=\"\/\/libraries.mit.edu\/150books\/2011\/01\/28\/1882\/\">The Chemistry of Cooking and Cleaning<\/a><br \/>\n1883: <a href=\"\/\/libraries.mit.edu\/150books\/2011\/01\/29\/1883\/\">A Practical Treatise on Lightning Protection<\/a><br \/>\n1884: <a href=\"\/\/libraries.mit.edu\/150books\/2011\/01\/30\/1884\/\">Art and Socialism<\/a><br \/>\n1885: <a href=\"\/\/libraries.mit.edu\/150books\/2011\/01\/31\/1885\/\">The Schuyler Electric Light Company<\/a><br \/>\n1886: <a href=\"\/\/libraries.mit.edu\/150books\/2011\/02\/01\/1886\/\">Street Railway Gazette<\/a><br \/>\n1887: <a href=\"\/\/libraries.mit.edu\/150books\/2011\/02\/02\/1887\/\">Fresh-Water Algae of the United States<\/a><br \/>\n1888: <a href=\"\/\/libraries.mit.edu\/150books\/2011\/02\/03\/1888\/\">The Art and Practice of Silver Printing<\/a><br \/>\n1889: <a href=\"\/\/libraries.mit.edu\/150books\/2011\/02\/04\/1889\/\">L&#8217;\u00e9lectricit\u00e9 a la Maison<\/a><br \/>\n1890: <a href=\"\/\/libraries.mit.edu\/150books\/2011\/02\/05\/1890\/\">Special Report on Data Relating to the Maritime Canal of Nicaragua<\/a><br \/>\n1891: <a href=\"\/\/libraries.mit.edu\/150books\/2011\/02\/06\/1891\/\">The Cleaning and Sewerage of Cities<\/a><br \/>\n1892: <a href=\"\/\/libraries.mit.edu\/150books\/2011\/02\/07\/1892\/\">La Photographie du Mouvement<\/a><br \/>\n1893: <a href=\"\/\/libraries.mit.edu\/150books\/2011\/02\/08\/1893\/\">Text-Book of Biology<\/a><br \/>\n1894: <a href=\"\/\/libraries.mit.edu\/150books\/2011\/02\/09\/1894\/\">History of the Fifty-fourth Regiment of Massachusetts Volunteer Infantry<\/a><br \/>\n1895: <a href=\"\/\/libraries.mit.edu\/150books\/2011\/02\/10\/1895\/\">Elektricit\u00e4t und Licht<\/a><br \/>\n1896: <a href=\"\/\/libraries.mit.edu\/150books\/2011\/02\/11\/1896\/\">Prof. R\u00f6ntgen&#8217;s &#8220;X&#8221; Rays and Their Application in the New Photography<\/a><br \/>\n1897: <a href=\"\/\/libraries.mit.edu\/150books\/2011\/02\/12\/1897\/\">Galileo a Madama Cristina di Lorena<\/a><br \/>\n1898: <a href=\"\/\/libraries.mit.edu\/150books\/2011\/02\/13\/1898\/\">Cuba&#8217;s Fight for Freedom, and, War with Spain<\/a><br \/>\n1899: <a href=\"\/\/libraries.mit.edu\/150books\/2011\/02\/14\/1899\/\">A History of Wireless Telegraphy<\/a><br \/>\n1900: <a href=\"\/\/libraries.mit.edu\/150books\/2011\/02\/15\/1900\/\">Flame, Electricity and the Camera<\/a><br \/>\n1901: <a href=\"\/\/libraries.mit.edu\/150books\/2011\/02\/16\/1901\/\">Are Our Industrial Leaders Efficiently Trained?<\/a><br \/>\n1902: <a href=\"\/\/libraries.mit.edu\/150books\/2011\/02\/17\/1902\/\">A Comprehensive Guide-Book to Natural, Hygienic &amp; Humane Diet<\/a><br \/>\n1903: <a href=\"\/\/libraries.mit.edu\/150books\/2011\/02\/18\/1903\/\">Moody&#8217;s Manual of Corporation Securities<\/a><br \/>\n1904: <a href=\"\/\/libraries.mit.edu\/150books\/2011\/02\/19\/1904\/\">Rayons &#8220;N&#8221;<\/a><br \/>\n1905: <a href=\"\/\/libraries.mit.edu\/150books\/2011\/02\/20\/1905\/\">&#8220;Ist die Tr\u00e4gheit eines K\u00f6rpers von seinem Energieinhalt abh\u00e4ngig?&#8221;<\/a><br \/>\n1906: <a href=\"\/\/libraries.mit.edu\/150books\/2011\/02\/21\/1906\/\">The Romance of Modern Electricity<\/a><br \/>\n1907: <a href=\"\/\/libraries.mit.edu\/150books\/2011\/02\/22\/1907\/\">Die elektrotechnische Praxis<\/a><br \/>\n1908: <a href=\"\/\/libraries.mit.edu\/150books\/2011\/02\/23\/1908\/\">Our Fellows, or, Skirmishes with the Swamp Dragoons<\/a><br \/>\n1909: <a href=\"\/\/libraries.mit.edu\/150books\/2011\/02\/24\/1909\/\">Plan of Chicago<\/a><br \/>\n1910: <a href=\"\/\/libraries.mit.edu\/150books\/2011\/02\/25\/1910\/\">Principia Mathematica<\/a><br \/>\n1911: <a href=\"\/\/libraries.mit.edu\/150books\/2011\/02\/26\/1911\/\">The Tertiary Gravels of the Sierra Nevada of California<\/a><br \/>\n1912: <a href=\"\/\/libraries.mit.edu\/150books\/2011\/02\/27\/1912\/\">Color Standards and Color Nomenclature<\/a><br \/>\n1913: <a href=\"\/\/libraries.mit.edu\/150books\/2011\/02\/28\/1913\/\">Details from Old New England Houses<\/a><br \/>\n1914: <a href=\"\/\/libraries.mit.edu\/150books\/2011\/03\/01\/1914\/\">The Scientific Determination of the Merits of Automobiles<\/a><br \/>\n1915: <a href=\"\/\/libraries.mit.edu\/150books\/2011\/03\/02\/1915\/\">The Business of Advertising<\/a><br \/>\n1916: <a href=\"\/\/libraries.mit.edu\/150books\/2011\/03\/03\/1916\/\">The Book of the Homeless<\/a><br \/>\n1917: <a href=\"\/\/libraries.mit.edu\/150books\/2011\/03\/04\/1917\/\">War Inventions and How They Were Invented<\/a><br \/>\n1918: <a href=\"\/\/libraries.mit.edu\/150books\/2011\/03\/05\/1918\/\">Technique 1919<\/a><br \/>\n1919: <a href=\"\/\/libraries.mit.edu\/150books\/2011\/03\/06\/1919\/\">The Reconstruction of Harvard Bridge<\/a><br \/>\n1920: <a href=\"\/\/libraries.mit.edu\/150books\/2011\/03\/07\/1920\/\">The Story of Doctor Dolittle<\/a><br \/>\n1921: <a href=\"\/\/libraries.mit.edu\/150books\/2011\/03\/08\/1921\/\">The Health of the Industrial Worker<\/a><br \/>\n1922: <a href=\"\/\/libraries.mit.edu\/150books\/2011\/03\/09\/1922\/\">A Book of Samples of Papers Manufactured to Print Properly All Kinds of Illustrations<\/a><br \/>\n1923: <a href=\"\/\/libraries.mit.edu\/150books\/2011\/03\/10\/1923\/\">How to Listen to Music<\/a><br \/>\n1924: <a href=\"\/\/libraries.mit.edu\/150books\/2011\/03\/11\/1924\/\">The Stones of Stonehenge<\/a><br \/>\n1925: <a href=\"\/\/libraries.mit.edu\/150books\/2011\/03\/12\/1925\/\">Old Bridges of France<\/a><br \/>\n1926: <a href=\"\/\/libraries.mit.edu\/150books\/2011\/03\/13\/1926\/\">The Tempest, illustrated by Arthur Rackham<\/a><br \/>\n1927: <a href=\"\/\/libraries.mit.edu\/150books\/2011\/03\/14\/1927\/\">The Beaver<\/a><br \/>\n1928: <a href=\"\/\/libraries.mit.edu\/150books\/2011\/03\/15\/1928\/\">The Concise Standard Dictionary of the English Language<\/a><br \/>\n1929: <a href=\"\/\/libraries.mit.edu\/150books\/2011\/03\/16\/1929\/\">The Sesqui-Centennial International Exposition<\/a><br \/>\n1930: <a href=\"\/\/libraries.mit.edu\/150books\/2011\/03\/17\/1930\/\">The Boston Stock Exchange<\/a><br \/>\n1931: <a href=\"\/\/libraries.mit.edu\/150books\/2011\/03\/18\/1931\/\">Le testament de Gen\u00e8ve<\/a><br \/>\n1932: <a href=\"\/\/libraries.mit.edu\/150books\/2011\/03\/19\/1932\/\">A Dictionary of the Osage Language<\/a><br \/>\n1933: <a href=\"\/\/libraries.mit.edu\/150books\/2011\/03\/20\/1933\/\">100,000,000 Guinea Pigs<\/a><br \/>\n1934: <a href=\"\/\/libraries.mit.edu\/150books\/2011\/03\/21\/1934\/\">Weimar-Bauhaus u. andere Tapeten<\/a><br \/>\n1935: <a href=\"\/\/libraries.mit.edu\/150books\/2011\/03\/22\/1935\/\">All About Tea<\/a><br \/>\n1936: <a href=\"\/\/libraries.mit.edu\/150books\/2011\/03\/23\/1936\/\">Journal of the Chinese Mathematical Society<\/a><br \/>\n1937: <a href=\"\/\/libraries.mit.edu\/150books\/2011\/03\/24\/1937\/\">Massachusetts: A Guide to Its Places and People<\/a><br \/>\n1938: <a href=\"\/\/libraries.mit.edu\/150books\/2011\/03\/25\/1938\/\">Death in the Making<\/a><br \/>\n1939: <a href=\"\/\/libraries.mit.edu\/150books\/2011\/03\/26\/1939\/\">The Oath of a Free-Man<\/a><br \/>\n1940: <a href=\"\/\/libraries.mit.edu\/150books\/2011\/03\/27\/1940\/\">&#8220;21 to 35&#8221;: What the Draft and Army Training Mean to You<\/a><br \/>\n1941: <a href=\"\/\/libraries.mit.edu\/150books\/2011\/03\/28\/1941\/\">Our Campaign for the Presidency in 1940<\/a><br \/>\n1942: <a href=\"\/\/libraries.mit.edu\/150books\/2011\/03\/29\/1942\/\">Victory Through Air Power<\/a><br \/>\n1943: <a href=\"\/\/libraries.mit.edu\/150books\/2011\/03\/30\/1943\/\">Victory Garden Manual<\/a><br \/>\n1944: <a href=\"\/\/libraries.mit.edu\/150books\/2011\/03\/31\/1944\/\">The Airport<\/a><br \/>\n1945: <a href=\"\/\/libraries.mit.edu\/150books\/2011\/04\/01\/1945\/\">Radar: A Report on Science at War<\/a><br \/>\n1946: <a href=\"\/\/libraries.mit.edu\/150books\/2011\/04\/02\/1946\/\">The Charles Hayden Memorial Library<\/a><br \/>\n1947: <a href=\"\/\/libraries.mit.edu\/150books\/2011\/04\/03\/1947\/\">Cache Lake Country<\/a><br \/>\n1948: <a href=\"\/\/libraries.mit.edu\/150books\/2011\/04\/04\/1948\/\">Cybernetics<\/a><br \/>\n1949: <a href=\"\/\/libraries.mit.edu\/150books\/2011\/04\/05\/1949\/\">Arabian Oil<\/a><br \/>\n1950: <a href=\"\/\/libraries.mit.edu\/150books\/2011\/04\/06\/1950\/\">Trio in D Minor\u00a0by Bohuslav Martin\u016f<\/a><br \/>\n1951: &#8220;<a href=\"\/\/libraries.mit.edu\/150books\/2011\/04\/07\/1951\/\">Non-cooperative Games&#8221;<\/a><br \/>\n1952: <a href=\"\/\/libraries.mit.edu\/150books\/2011\/04\/08\/1952\/\">The Decisive Moment<\/a><br \/>\n1953: <a href=\"\/\/libraries.mit.edu\/150books\/2011\/04\/09\/1953\/\">The Paris Review: number one<\/a><br \/>\n1954: <a href=\"\/\/libraries.mit.edu\/150books\/2011\/04\/10\/1954\/\">The Karl Taylor Compton Laboratories<\/a><br \/>\n1955: <a href=\"\/\/libraries.mit.edu\/150books\/2011\/04\/11\/1955\/\">Tristes Tropiques<\/a><br \/>\n1956: <a href=\"\/\/libraries.mit.edu\/150books\/2011\/04\/12\/1956\/\">Frontier to Space<\/a><br \/>\n1957: <a href=\"\/\/libraries.mit.edu\/150books\/2011\/04\/13\/1957\/\">Syntactic Structures<\/a><br \/>\n1958: <a href=\"\/\/libraries.mit.edu\/150books\/2011\/04\/14\/1958\/\">Stride Toward Freedom<\/a><br \/>\n1959: <a href=\"\/\/libraries.mit.edu\/150books\/2011\/04\/15\/1959\/\">The Soviet Citizen<\/a><br \/>\n1960: <a href=\"\/\/libraries.mit.edu\/150books\/2011\/04\/16\/1960\/\">The Image of the City<\/a><br \/>\n1961: <a href=\"\/\/libraries.mit.edu\/150books\/2011\/04\/17\/1961\/\">Inaugural Address\u00a0by John F. Kennedy<\/a><br \/>\n1962: <a href=\"\/\/libraries.mit.edu\/150books\/2011\/04\/18\/1962\/\">The Structure of Scientific Revolutions<\/a><br \/>\n1963: <a href=\"\/\/libraries.mit.edu\/150books\/2011\/04\/19\/1963\/\">Explosive Working of Metals<\/a><br \/>\n1964: <a href=\"\/\/libraries.mit.edu\/150books\/2011\/04\/20\/1964\/\">Il &#8220;Sidereus Nuncius&#8221; di Galileo Galilei<\/a><br \/>\n1965: <a href=\"\/\/libraries.mit.edu\/150books\/2011\/04\/21\/1965\/\">Boston Inner Belt Expressway, I-695 in Boston Brookline &amp; Cambridge<\/a><br \/>\n1966: <a href=\"\/\/libraries.mit.edu\/150books\/2011\/04\/22\/1966\/\">The Polite Americans<\/a><br \/>\n1967: <a href=\"\/\/libraries.mit.edu\/150books\/2011\/04\/23\/1967\/\">Economics: An Introductory Analysis<\/a><br \/>\n1968: <a href=\"\/\/libraries.mit.edu\/150books\/2011\/04\/24\/1968\/\">Canticle of Freedom<\/a><br \/>\n1969: <a href=\"\/\/libraries.mit.edu\/150books\/2011\/04\/25\/1969\/\">Custer Died for Your Sins<\/a><br \/>\n1970: <a href=\"\/\/libraries.mit.edu\/150books\/2011\/04\/26\/1970\/\">MIghTy Dead<\/a><br \/>\n1971: <a href=\"\/\/libraries.mit.edu\/150books\/2011\/04\/27\/1971\/\">The Classical Style<\/a><br \/>\n1972: <a href=\"\/\/libraries.mit.edu\/150books\/2011\/04\/28\/1972\/\">Papers on the War<\/a><br \/>\n1973: <a href=\"\/\/libraries.mit.edu\/150books\/2011\/04\/29\/1973\/\">Our Bodies, Ourselves<\/a><br \/>\n1974: <a href=\"\/\/libraries.mit.edu\/150books\/2011\/04\/30\/1974\/\">Aiiieeeee! An Anthology of Asian-American Writers<\/a><br \/>\n1975: <a href=\"\/\/libraries.mit.edu\/150books\/2011\/05\/01\/1975\/\">The Dictionary of Misinformation<\/a><br \/>\n1976: <a href=\"\/\/libraries.mit.edu\/150books\/2011\/05\/02\/1976\/\">Carrie<\/a><br \/>\n1977: <a href=\"\/\/libraries.mit.edu\/150books\/2011\/05\/03\/1977\/\">Alaska Crude<\/a><br \/>\n1978: <a href=\"\/\/libraries.mit.edu\/150books\/2011\/05\/04\/1978\/\">Their Eyes Were Watching God<\/a><br \/>\n1979: <a href=\"\/\/libraries.mit.edu\/150books\/2011\/05\/05\/1979\/\">The Twilight Zine, numbers 31-32<\/a><br \/>\n1980: <a href=\"\/\/libraries.mit.edu\/150books\/2011\/05\/06\/1980\/\">Heralds of Science<\/a><br \/>\n1981: <a href=\"\/\/libraries.mit.edu\/150books\/2011\/05\/07\/1981\/\">&#8220;The Origin of Spacewar&#8221;<\/a><br \/>\n1982: <a href=\"\/\/libraries.mit.edu\/150books\/2011\/05\/08\/1982\/\">The City Observed: Boston<\/a><br \/>\n1983: <a href=\"\/\/libraries.mit.edu\/150books\/2011\/05\/09\/1983\/\">The Codex Magliabechiano and the Lost Prototype of the Magliabechiano Group<\/a><br \/>\n1984: <a href=\"\/\/libraries.mit.edu\/150books\/2011\/05\/10\/1984\/\">The Mathematics of Gambling<\/a><br \/>\n1985: <a href=\"\/\/libraries.mit.edu\/150books\/2011\/05\/11\/1985\/\">Structure and Interpretation of Computer Programs<\/a><br \/>\n1986: <a href=\"\/\/libraries.mit.edu\/150books\/2011\/05\/12\/1986\/\">Maus<\/a><br \/>\n1987: <a href=\"\/\/libraries.mit.edu\/150books\/2011\/05\/13\/1987\/\">Winnie ille Pu<\/a><br \/>\n1988: <a href=\"\/\/libraries.mit.edu\/150books\/2011\/05\/14\/1988\/\">AIDS: Cultural Analysis, Cultural Activism<\/a><br \/>\n1989: <a href=\"\/\/libraries.mit.edu\/150books\/2011\/05\/15\/1989\/\">The Second Sex<\/a><br \/>\n1990: <a href=\"\/\/libraries.mit.edu\/150books\/2011\/05\/16\/1990\/\">&#8220;G&#8221; Is for Gumshoe<\/a><br \/>\n1991: <a href=\"\/\/libraries.mit.edu\/150books\/2011\/05\/17\/1991\/\">Guidelines for the Use of Video Display Terminals at MIT<\/a><br \/>\n1992: <a href=\"\/\/libraries.mit.edu\/150books\/2011\/05\/18\/1992\/\">Nature Genetics: volume one, number one<\/a><br \/>\n1993: <a href=\"\/\/libraries.mit.edu\/150books\/2011\/05\/19\/1993\/\">The Second Four Books of Poems by W.S. Merwin<\/a><br \/>\n1994: <a href=\"\/\/libraries.mit.edu\/150books\/2011\/05\/20\/1994\/\">Participatory Development Tool Kit<\/a><br \/>\n1995: <a href=\"\/\/libraries.mit.edu\/150books\/2011\/05\/21\/1995\/\">Always, Rachel: The Letters of Rachel Carson and Dorothy Freeman<\/a><br \/>\n1996: <a href=\"\/\/libraries.mit.edu\/150books\/2011\/05\/22\/1996\/\">Veni Creator Spiritus<\/a><br \/>\n1997: <a href=\"\/\/libraries.mit.edu\/150books\/2011\/05\/23\/1997\/\">&#8220;Surely You&#8217;re Joking, Mr. Feynman!&#8221;<\/a><br \/>\n1998: <a href=\"\/\/libraries.mit.edu\/150books\/2011\/05\/24\/1998\/\">Forever Peace<\/a><br \/>\n1999: <a href=\"\/\/libraries.mit.edu\/150books\/2011\/05\/25\/1999\/\">Time Bomb 2000<\/a><br \/>\n2000: <a href=\"\/\/libraries.mit.edu\/150books\/2011\/05\/26\/2000\/\">Embracing Defeat<\/a><br \/>\n2001: <a href=\"\/\/libraries.mit.edu\/150books\/2011\/05\/27\/2001\/\">Karachi, Sentenced<\/a><br \/>\n2002: <a href=\"\/\/libraries.mit.edu\/150books\/2011\/05\/28\/2002\/\">Portraits by Santiago Calatrava<\/a><br \/>\n2003: <a href=\"\/\/libraries.mit.edu\/150books\/2011\/05\/29\/2003\/\">Visionaire, Issue 41: World<\/a><br \/>\n2004: <a href=\"\/\/libraries.mit.edu\/150books\/2011\/05\/30\/2004\/\">Universe on a T-Shirt<\/a><br \/>\n2005: <a href=\"\/\/libraries.mit.edu\/150books\/2011\/05\/31\/2005\/\">The Singularity is Near<\/a><br \/>\n2006: <a href=\"\/\/libraries.mit.edu\/150books\/2011\/06\/01\/2006\/\">Orange County Housecleaners<\/a><br \/>\n2007: <a href=\"\/\/libraries.mit.edu\/150books\/2011\/06\/02\/2007\/\">The Brief Wondrous Life of Oscar Wao<\/a><br \/>\n2008: <a href=\"\/\/libraries.mit.edu\/150books\/2011\/06\/03\/2008\/\">The Trillion Dollar Meltdown<\/a><br \/>\n2009: <a href=\"\/\/libraries.mit.edu\/150books\/2011\/06\/04\/2009\/\">Species, Serpents, Spirits and Skulls<\/a><br \/>\n2010: <a href=\"\/\/libraries.mit.edu\/150books\/2011\/06\/05\/2010\/\">iPad<\/a><\/p>\n","protected":false},"excerpt":{"rendered":"<p>1861: Lives of the Engineers 1862: Border Lines of Knowledge in Some Provinces of Medical Science 1863: The Engineer&#8217;s Pocket Remembrancer 1864: Testimonies Concerning Slavery 1865: The Grammar of Ornament 1866: A Theoretical and Practical Treatise on Midwifery 1867: Paul Clifford 1868: Scientific Amusements for Young People 1869: The Microscope 1870: Le Ciel 1871: Report on the Sale of Bad Meat in Boston 1872: The Subterranean World 1873: A Treatise on Electricity and Magnetism 1874: Statistical Atlas of the United States Based on the Results of the Ninth Census 1875: The Pennsylvania Railroad 1876: &#8220;Researches in Telephony&#8221; 1877: History of [&hellip;]<\/p>\n","protected":false},"author":0,"featured_media":0,"parent":0,"menu_order":0,"comment_status":"closed","ping_status":"closed","template":"templates\/page.php","meta":{"footnotes":""},"class_list":["post-3617","page","type-page","status-publish","hentry"],"acf":[],"_links":{"self":[{"href":"https:\/\/libraries.mit.edu\/150books\/wp-json\/wp\/v2\/pages\/3617","targetHints":{"allow":["GET"]}}],"collection":[{"href":"https:\/\/libraries.mit.edu\/150books\/wp-json\/wp\/v2\/pages"}],"about":[{"href":"https:\/\/libraries.mit.edu\/150books\/wp-json\/wp\/v2\/types\/page"}],"replies":[{"embeddable":true,"href":"https:\/\/libraries.mit.edu\/150books\/wp-json\/wp\/v2\/comments?post=3617"}],"version-history":[{"count":5,"href":"https:\/\/libraries.mit.edu\/150books\/wp-json\/wp\/v2\/pages\/3617\/revisions"}],"predecessor-version":[{"id":3885,"href":"https:\/\/libraries.mit.edu\/150books\/wp-json\/wp\/v2\/pages\/3617\/revisions\/3885"}],"wp:attachment":[{"href":"https:\/\/libraries.mit.edu\/150books\/wp-json\/wp\/v2\/media?parent=3617"}],"curies":[{"name":"wp","href":"https:\/\/api.w.org\/{rel}","templated":true}]}}